be k(13). Suppose 62 = g*v + 4*o, -110 - t = -4*v - o. Is v a prime number?
False
Let s = 157 + -28. Is s composite?
True
Let s(w) = -2*w**2 + w. Let f be s(4). Let u = 63 + f. Is u composite?
True
Let r = 10150 + -5711. Is r a composite number?
True
Suppose 0 = w + 4*k - 0*k + 10, w + 4 = -2*k. Suppose -3*a - a - w*u + 1422 = 0, 4*u = -4*a + 1424. Is a composite?
True
Suppose 0 = -2*b + g + 17, -3*g - 39 = -5*b - 4*g. Let o(w) = 2*w**3 + w**2 - 5*w - 5. Is o(b) a prime number?
False
Let u(o) = -o - 1. Let y be u(-3). Suppose -4*j + y*j = 22. Let n = 200 - j. Is n a composite number?
False
Let q = -171 - -115. Let c = q + 94. Is c composite?
True
Let y(j) = -j**3 - 4*j**2 + j - 11. Let g be y(-5). Suppose g*r = 4*r + 1370. Is r composite?
True
Is (2 - 3) + 2386 - -2*2 composite?
False
Let t(n) = n**3 - 8*n**2 + 6*n + 9. Let d be t(7). Is 1065/12 + d/8 a prime number?
True
Let m be 2/(-2)*(-254 - 3). Suppose 5*q - 4*r - m = 0, 3*r = -5*q + r + 239. Is q a composite number?
True
Let k be 32/(-3) + 1/(-3). Let a = k - -22. Is a a prime number?
True
Let a be 1 - 4 - (-1 + -2). Suppose a = 3*o - 128 - 253. Is o a prime number?
True
Let b(j) = j**2 + 11*j + 14. Let x be b(-10). Let l be 0 + 0 + -2 + 74. Suppose 0 = -x*q - 3*f + 70, 6*q + 2*f = 2*q + l. Is q prime?
True
Is 5*(0 - 74/(-10)) a prime number?
True
Is 12/3 + (38 - -1) prime?
True
Let c be (-18)/81 + 4/18. Let j(v) be the third derivative of -v**6/120 + v**4/24 + 149*v**3/6 + v**2. Is j(c) composite?
False
Let t be (2 - -10)*2/6. Suppose -l + 3*l - 128 = r, -t*r = -3*l + 187. Is l a composite number?
True
Is (-372)/(-3) - (2 + 0) composite?
True
Suppose -3*y + 140 = 2*y. Suppose -2*z - 2*j = y, 9 + 37 = -4*z + j. Let v = 11 - z. Is v prime?
True
Let c(g) = 203*g. Is c(1) prime?
False
Let q = 5 + -2. Suppose 2*d = -3*f + 15, -q*d + f = -2*f. Is ((-106)/6)/(d/(-9)) a prime number?
True
Let b = 5 - 5. Suppose -q - 4*q + 805 = b. Is q a prime number?
False
Let f = 0 - -4. Suppose -b - 354 = -f*b. Is b prime?
False
Let l(g) = 25*g - 8. Is l(6) a prime number?
False
Suppose x + 4 = 3*x. Let m = x - 0. Suppose -2*s + s - i + 54 = 0, 0 = -m*s + 5*i + 143. Is s prime?
True
Suppose 3*v = -4*f - 2*v + 1787, 1314 = 3*f - 5*v. Suppose -118 + f = 5*p. Is p a composite number?
True
Let o be (2 + -1 + 0)*-9. Let s(p) = p**3 + 8*p**2 - 10*p - 7. Let v be s(o). Suppose 3*h + v*i - 27 + 0 = 0, -3*i - 5 = -2*h. Is h composite?
False
Let z(q) = 2*q**2 - 5*q + 7. Let k be z(-5). Let a = k - 59. Is a prime?
True
Suppose -3*g - 41 = -236. Suppose -5*z + g = -2*u, -39 = 2*z - 5*z + 4*u. Is z a composite number?
False
Suppose 3*o + 7*s - 5706 = 4*s, 2*o + 3*s - 3799 = 0. Is o prime?
True
Let w(h) be the second derivative of -h**5/2 + h**4/4 + h**3/3 + h**2/2 + 8*h. Suppose 0 = 4*p - 2*p + 4. Is w(p) prime?
True
Let w = 470 - 307. Is w a prime number?
True
Let k be 7 - (-2 - -1) - -2. Let l be 4/k*(-2 - -12). Suppose -a = -l*a + 111. Is a a composite number?
False
Let p be 2*-3*2/(-2). Suppose -4*g = 5*n - p*n - 36, 5*g - 4*n = 45. Is g composite?
True
Let f(r) = 2*r + 2. Let z be f(-3). Let k = 1 - z. Is k + -4 + (11 - -1) prime?
True
Let a(k) = -17*k**3 + 11*k**2 - 15*k - 6. Let i(l) = 6*l**3 - 4*l**2 + 5*l + 2. Let c(x) = 4*a(x) + 11*i(x). Is c(-3) a prime number?
True
Let l = -71 - -122. Is l composite?
True
Let g(q) = 8*q**2 + 2. Let s(u) = u**3 + 4*u**2 + 4*u + 1. Let f be s(-3). Is g(f) prime?
False
Suppose 23 = 4*t + 319. Let k(j) = -104*j**3 + 2*j**2 + j. Let v be k(-1). Let u = t + v. Is u a composite number?
False
Let t(s) = 11*s. Let r be t(1). Let j be r/2*24/4. Let v = 64 - j. Is v prime?
True
Let y be 1/2 - 54/4. Let x be (15/(-10))/(2/4). Is -2 + (2 + x)*y a prime number?
True
Let a(c) = c**3 - 4*c**2 + 4*c + 5. Is a(4) a prime number?
False
Suppose 5*k = -5, -3*h + 5*k - k - 14 = 0. Is (-8018)/(-6) - h/9 prime?
False
Let m(h) = 3*h**3 - h**2 - 2. Let j be m(2). Let n = j + -11. Suppose -2*g = -n*g + 70. Is g a prime number?
False
Suppose -19318 - 26288 = -6*m. Is m composite?
True
Let n(a) = 3*a**2 - 6*a + 1. Let s be 2/(-4) + (-21)/(-14). Suppose -5 + s = -r. Is n(r) a composite number?
True
Suppose 3*l - 5 = 7. Suppose 0*u + 940 = l*u. Suppose i = 3*d + 170, -5*i + u = -d - 657. Is i a composite number?
False
Suppose -4*u + 44 = -268. Suppose -4 = -0*x - 2*x. Suppose -3*c - 2*h + 3*h + 142 = 0, 4*h = x*c - u. Is c composite?
True
Let s(u) = -u**2 - 5*u. Let h be s(-6). Let t = h + 6. Is 2 + 85 + t + 2 a composite number?
False
Let p(v) = -v**2 + 5*v - 2. Let u be p(6). Let a(s) = s + 4. Let n be a(u). Let t(l) = 2*l**2 - 2*l + 3. Is t(n) a composite number?
False
Suppose z + b = -b + 16, -3*z + 28 = 2*b. Suppose -10 = j - z*j. Suppose j*d + 0*d = 14. Is d a prime number?
True
Let t(o) = -2*o**3 + 2*o**2 + o + 2. Let h be t(2). Let m = -4 + h. Is (37/(-4))/(2/m) a composite number?
False
Is (-5)/((-2)/(-82)*-1) a prime number?
False
Let i(t) = 3*t**2 - 7*t + 7. Let w = -3 + -3. Is i(w) a prime number?
True
Suppose -4*r - 2*a - 3*a = 56, -5*r + 5*a - 25 = 0. Is ((-534)/r)/((-2)/(-3)) a composite number?
False
Let d(f) = -9*f**3 - 5*f**2 + 11*f + 6. Let i(h) = 5*h**3 + 3*h**2 - 6*h - 3. Let t(u) = -4*d(u) - 7*i(u). Is t(4) a prime number?
True
Let b = 570 - 333. Let q = -6 + 10. Suppose 0 = q*m + 5*y - b, 5*m - y = 2*y + 250. Is m a prime number?
True
Let c(q) be the second derivative of q**4/12 - q**3/3 + q**2 - q. Let t be c(7). Let u = 90 - t. Is u a prime number?
True
Let l = -1947 + 3508. Is l composite?
True
Let n = -3 - -6. Suppose -n = -o + 48. Is o a composite number?
True
Let n(x) = -x**3 + 10*x**2 - 8*x - 22. Is n(-9) a prime number?
False
Let z(d) = d**3 - 5*d**2 + 5*d + 1. Let b be z(5). Let x = b + -11. Is x a prime number?
False
Suppose 94 = -0*r - r. Let m(c) = 7*c**2 + 8*c + 9. Let j be m(-6). Let l = r + j. Is l a composite number?
True
Let w(c) = 7*c**2 - 3*c - 1. Let q(m) = 2*m + 5. Let h be q(-5). Let f = h + 8. Is w(f) prime?
True
Let p(v) = 2*v. Let y be p(4). Suppose -4*n = -y*n + 148. Is n prime?
True
Let q(g) = 13*g**2 - 12*g - 12. Is q(7) a prime number?
True
Let p(v) = v + 4. Let w be p(-3). Let l be (-1)/(w - (-12)/(-9)). Suppose -3*y + 2*i - 5*i = -174, -2*i = l*y - 169. Is y a prime number?
True
Let y(t) = -t**2 + 27*t - 3. Is y(8) composite?
False
Suppose -5*i = 4*r - 107 + 13, 32 = 2*i - 4*r. Is 654/i + (-4)/(-6) a prime number?
True
Let k be (3 + -6)*82/3. Let c = 140 + k. Is c prime?
False
Let r(m) = 4*m**2 - 7*m - 2. Let t be (-42)/(-18)*3/1. Is r(t) a composite number?
True
Suppose -2*h + 5 = 1. Is 22/(0 - (h - 3)) a prime number?
False
Is 3/9*3 + 139 + 1 prime?
False
Suppose 4*u + 0*u = 0. Suppose u = 3*s - 1 - 5. Is 1/(s/(2*10)) a prime number?
False
Suppose -2*z - 48 = a + a, z = 5*a - 12. Let g = z + 37. Is g a composite number?
True
Suppose -3*z + 3*q + 129 = 0, 2*z - q = 5*z - 125. Let w be z + (-2 - (3 - 5)). Suppose 5 - 26 = -r + 5*n, -2*r - 5*n = -w. Is r a prime number?
False
Let d = 1 - 1. Suppose 3*j = 5*l - 13, d = -l - 4 + 9. Suppose 0 = x - j*x + 309. Is x composite?
False
Is 1 - (2 + -1 - 183) a prime number?
False
Let r = 17 + -5. Is 32504/48 + (-2)/r composite?
False
Is 2/10 - (-1332)/15 a prime number?
True
Let k(o) be the second derivative of o**5/4 - o**4/12 + o**3/6 - o**2 - 3*o. Is k(3) prime?
True
Suppose i + 2*i = 2304. Let l = i + -532. Suppose -l = 3*n - 7*n. Is n a prime number?
True
Suppose -487 = 4*g - 1147. Let h = 2 - 2. Suppose 4*n + n - g = h. Is n prime?
False
Let p(d) = 4*d**2 - 7*d + 2. Is p(7) a prime number?
True
Let d(p) be the second derivative of -p**3/6 - 3*p**2 + p. Let f be d(-5). Is 16/2 - (f - -2) a composite number?
False
Suppose 5*d = -0*l - 3*l + 2593, -l = 3*d - 1559. Is d a composite number?
False
Suppose -3*g = -2*c - 20, -4*c - 8 = -4*g + 24. Suppose -d + 10 = g*d. Is (-19)/(0 + d/(-2)) composite?
False
Suppose 2*x + a - 94 = -x, -5*a + 160 = 5*x. Suppose 4*b - x = -11. Is 1/b + (-462)/(-15) prime?
True
Let u(a) = -a. Let i be u(5). Let j be (-2)/2 + (i - -101). Suppose -4*n + j = n. Is n prime?
True
Let r(u) = -u**3 - 3*u**2 + 6*u - 19. Let j(x) = x**2 - 3*x + 9. Let t(k) = -5*j(k) - 2*r(k). Is t(3) a prime number?
False
Let q(c) = -2*c + 1. Suppose 12 = 5*v - 13. Let i be q(v). Let r = i - -28. Is r prim